/12. Suppose 3*p + 2 = z*p. Suppose -3*i = p*i - 30. What is the units digit of i?
6
Let w(s) = -s**3 - 7*s**2 - 5*s + 5. Let q be w(-6). Let r = -3 - q. What is the units digit of (-373)/(-15) + r/(-15)?
5
Suppose 3*j + 511 = -119. What is the tens digit of (-21)/(-28) - j/8?
2
Let o(d) be the second derivative of -d**5/10 + d**4/12 + d**3/2 - 3*d**2/2 - 2*d. Let c = -62 - -59. What is the tens digit of o(c)?
5
Let h(v) = 41*v**2 + 12*v - 11. Let t be h(1). Suppose f = 2*k + 55, 3*k = k - 3*f - 75. Let s = t + k. What is the tens digit of s?
1
Let v be (-74)/(-12) + 4/(-24). Suppose -5*u + 5*n = -835, v*n = 7*n. What is the units digit of u?
7
Let h = 13 - 8. Let y(z) = 6*z - 22. What is the units digit of y(h)?
8
Suppose 1536 = 12*z - 2700. What is the tens digit of z?
5
What is the hundreds digit of (-3 - (-1)/1)/(9/(-630))?
1
Let x be (-3)/4 - 207/12. Let u = 19 + x. What is the tens digit of u - -3 - (-57)/1?
6
Suppose 795*o = 798*o - 3264. What is the hundreds digit of o?
0
Let c be (-48)/(-4)*(-170)/(-8)*1. Suppose -2*y - y = -c. What is the units digit of y?
5
Let p(q) = -q**3 + 9*q**2 + 105*q + 12. What is the tens digit of p(13)?
0
Let h be (2/8)/((-6)/(-48)). Suppose -w + 3*x - 11 = 0, -2*x + 18 = -3*w + h*x. What is the units digit of ((-65)/(-10))/(w/(-8))?
6
Let z(c) = -31*c + 14. Let j be z(-5). Let g = j + -16. What is the tens digit of g?
5
Suppose -10 + 4 = 2*m. Let c(u) be the first derivative of u**3/3 + u**2/2 + 7. What is the units digit of c(m)?
6
Let f be (-10)/(2 + 15/(-6)). Suppose 5*y + 0 - f = 0. What is the tens digit of (9/y)/(3/32)?
2
Let c(p) = -5*p**2 - 5*p + 7 - 2*p**2 + 6*p**2. Let y(d) = -d**3 + 4*d**2 + 3*d + 4. Let x be y(5). What is the units digit of c(x)?
1
What is the tens digit of ((-50)/(-200))/(1/2)*8886?
4
Let q(t) = t**2 + 6*t - 2. Let y(n) = -2*n**2 - 11*n + 4. Let i(l) = 5*q(l) + 2*y(l). Let m be i(11). What is the tens digit of (m/(-6))/((-1)/2)?
6
Let a(d) = -d**3 + 20*d**2 - 4*d - 60. What is the tens digit of a(19)?
2
Suppose -21*j + 13356 = 7*j. What is the tens digit of j?
7
Suppose 5*t - 25 = -5*r, 0*r - 4 = 4*t - 4*r. Suppose t*k - 3*s - 16 = s, 3*s = 2*k - 13. Suppose -h = -k*h + 25. What is the units digit of h?
5
Let h = 4 - 16. Let n(z) = -z - 2*z + 3 + 12*z**2 - 2*z**3 + 3*z**3 - 21. What is the tens digit of n(h)?
1
Let r = -22 + 25. Suppose -r*u + 156 = u. What is the tens digit of u?
3
Let y(l) = -188*l + 11. Let m be y(-1). Suppose 2*k = m - 101. What is the units digit of k?
9
What is the tens digit of ((-3)/6)/(23/(-30268))?
5
Let b = 952 + -290. What is the hundreds digit of b?
6
Let a(m) = 2*m**2 + 7*m + 11. Let q(v) = -v**2 - 6*v - 10. Let r(i) = 6*a(i) + 7*q(i). What is the tens digit of r(4)?
7
Let k = 17 - 15. Suppose -2 = q - k*q. Suppose -q*p - z = p - 34, 0 = 4*p + 4*z - 40. What is the units digit of p?
2
Let z(g) = 2*g**2 - 16*g - 1. What is the tens digit of z(-14)?
1
Let f = 3920 + -2780. What is the thousands digit of f?
1
Let u = 18 - 18. Suppose u*w - 5*q = -3*w + 29, -5*w + 44 = -4*q. Suppose 4*d - x = 100, -4*x = -d - 8*x + w. What is the units digit of d?
4
Let w = 105 - 38. Suppose -m - 325 = -6*m + 3*x, m - x = w. Suppose 4*t - 110 + 6 = -4*a, -3*t + a + m = 0. What is the tens digit of t?
2
Let n = -25 + 35. What is the units digit of 10/(-4)*((-176)/n - 0)?
4
Let l(k) be the second derivative of k**5/30 - 7*k**4/24 - k**3/6 + k. Let w(j) be the second derivative of l(j). What is the tens digit of w(6)?
1
Let t(z) be the second derivative of z**3/2 + z**2 + 2*z. What is the units digit of t(4)?
4
Let r(n) = 28*n - 2. Suppose -4*h = -0*h - 3*w - 25, -w - 23 = -5*h. Suppose 0 = t + h*t - 5. What is the tens digit of r(t)?
2
Let n = 1825 - 570. What is the units digit of n?
5
Suppose -20*z - 155708 = -48*z. What is the units digit of z?
1
Let c(g) = g + 13. Let m be c(-6). What is the tens digit of (-20)/(-70) - (-502)/m?
7
Let z(n) = n**3 + 10*n**2 + 4*n - 16. Let x be z(-9). Let j = x + 95. What is the units digit of j?
4
Let h(r) = 300*r + 47. What is the units digit of h(5)?
7
Suppose -78356 = -96*a + 58*a. What is the units digit of a?
2
Let w = 47 - 73. Let m = w - -28. Let x(p) = 7*p**2 + p - 3. What is the tens digit of x(m)?
2
Suppose 6*g - 5 = 2*g - w, w - 1 = -2*g. Suppose g*q - 10*q + 1176 = 0. What is the units digit of q?
7
Let k(t) be the third derivative of -t**6/24 + t**5/20 + t**4/12 + t**3/3 + 4*t**2. Let v be (-2)/3 + 88/(-66). What is the tens digit of k(v)?
5
Let j be ((-3 + 0)*2)/(-2). Suppose -k - 5*c = j*k - 313, -k - 5*c + 67 = 0. What is the units digit of k?
2
Let m(i) = 35*i + 76. What is the hundreds digit of m(11)?
4
Let g = 2 + -4. What is the tens digit of g/(-10) - (-686)/70?
1
Let w(n) = -n**2 - 12*n + 12. Let q be w(8). Let m = 56 - q. What is the tens digit of m?
0
Let h be 2/(3 - 75/24). Let q = h + 16. Suppose q = -0*f + 2*f - 44. What is the tens digit of f?
2
Suppose 5 - 17 = -f. Suppose 0 = a + 3*a - f. Suppose 0 = 5*r - 3*q - 69, -r + 3*q + 12 - a = 0. What is the units digit of r?
5
Let t = 75 + -70. Suppose -t*y = 2*i - 680, 6*y + 2*i - 404 = 3*y. What is the hundreds digit of y?
1
Let o be ((-1)/3)/(-3 - 728/(-243)). Let b = o + -63. What is the units digit of b?
8
Let h(g) = -g**2 - 7*g + 4. Let d be h(-8). Let i = 104 + -96. What is the tens digit of 17 + d + i + -3?
1
Let b(f) = 3*f**3 + 9 + 2*f**2 - 17 - 4*f + 4. Let s be b(-2). What is the units digit of (-319)/(-6) - (-2)/s?
3
Suppose -6 = -5*a - 2*q, -a - 4*q + 2 = 4*a. What is the units digit of a?
2
Let i(t) = 189*t**2 + 5*t - 5. What is the hundreds digit of i(1)?
1
Let k be (-3624)/(-10) + (-14)/35. Suppose k = 4*v - 106. What is the hundreds digit of v?
1
Let f = -105 + 56. What is the units digit of (-14)/f + (-612)/(-14)?
4
Let h = -346 - -900. What is the hundreds digit of h?
5
Let b(p) be the second derivative of -1/6*p**4 + 1/2*p**3 - 1/20*p**5 + 3*p**2 + 3*p + 0. What is the units digit of b(-4)?
6
Suppose 5*g - 5*x = 5620, 4*g - 8*x + 13*x - 4523 = 0. What is the hundreds digit of g?
1
Suppose 4*k - 109 = -g, -8*g + 3*k + 229 = -6*g. What is the tens digit of g?
1
Let b be (-45)/(-63) + (-4)/(-14). Suppose -5*s + 339 = -o, -o - 3 - b = 0. What is the units digit of s?
7
Let f(y) be the first derivative of y**3/3 + 9*y**2/2 + 5*y + 2. Let b be f(-6). What is the tens digit of (-132)/b + 2/(-13)?
1
Let v(k) = 4*k**2 - 37*k + 9. Let a(x) = -x**2 + 12*x - 3. Let s(p) = -7*a(p) - 2*v(p). Let t be s(-8). Suppose 3 + t = i. What is the units digit of i?
2
Let d be -1 + 10 + 2/(-2). Suppose 4*c + 156 = d*c. Let w = c - 27. What is the tens digit of w?
1
Let z be 85 + 2/(6/(-3)). Let a = 24 + -29. What is the tens digit of (z/(-15) + 0)*a?
2
Suppose -1804 = -3*p + 2*n - 6*n, 2*p - 3*n = 1231. What is the hundreds digit of p?
6
Let x = 53 + -50. Let z(k) = 4*k**3 - 3*k**2 + k - 4. What is the tens digit of z(x)?
8
What is the units digit of 2725/10 - (-2)/(-1 - 3)?
2
Let l(o) = -6*o - 8*o + 5 + 2*o**2 + 2. Let g be l(11). Suppose 2*q + 19 = g. What is the tens digit of q?
3
Let n = -90 + 95. Suppose 5*c = -0*c + 5*k + 830, -2*k - 842 = -n*c. What is the hundreds digit of c?
1
Suppose -8*m = -4*m - 272. Suppose 4*c - m - 8 = 0. What is the units digit of c?
9
Let m = -43 + 70. Suppose 0 = 2*p + 5*l - 20, -5*p = -2*l + 3*l - m. What is the tens digit of 456/20 - (-1)/p?
2
Suppose -37*r = -36*r - 108. Suppose 4*i = 8*i - r. What is the tens digit of i?
2
Suppose -8*i = -13*i - 5*t + 3025, t = -4*i + 2435. What is the units digit of i?
0
Let n be (-10 + (4 - 0))/(-1). What is the tens digit of (-824)/(-12) + n/(-9)?
6
What is the tens digit of (33/(-2))/(123/(-4100))?
5
Let n(m) = 15*m - 14. Let q be n(3). Suppose 62 = 2*v + 4*u, 5*v - 4*u + q = 116. What is the units digit of v?
1
Let c = -55 + 59. Suppose 3*h - 126 = -a, -3*a + 84 = c*h - 294. What is the units digit of a?
6
Let s = 1 + 0. Suppose -3*y - s + 4 = 0. Suppose -m = -y - 2. What is the units digit of m?
3
Let a be (-3688)/16 - (-6)/4. Let i = 326 + a. What is the units digit of i?
7
Suppose -8057 = 1322*k - 1329*k. What is the hundreds digit of k?
1
Let u(j) be the first derivative of 19*j**2 - 7 + 0 - 4*j - 1 - 1. What is the units digit of u(2)?
2
Let d(m) = 7*m - 1 - 10*m**2 + 9*m**2 - 